n base 11, what is -17a92 - 5283?
-22265
In base 2, what is -1 + 10011100100010000100110111?
10011100100010000100110110
In base 5, what is -134 + -44113234?
-44113423
In base 6, what is 35345 - -1153054?
1232443
In base 6, what is 5414121 + 23?
5414144
In base 10, what is 14 + 223988?
224002
In base 9, what is 335173814 + 2?
335173816
In base 15, what is -cac7 + 34e3?
-95d4
In base 4, what is -20131010300 - -10?
-20131010230
In base 10, what is 1 + 23098067?
23098068
In base 5, what is -1331333023 - -10?
-1331333013
In base 11, what is -66 + -274295?
-274350
In base 6, what is 13022001 + -1545?
13020012
In base 2, what is -11011 - -11010110010110101111?
11010110010110010100
In base 9, what is 12 - 255513?
-255501
In base 10, what is 2354 - -7294?
9648
In base 3, what is -2000112211002 - -100?
-2000112210202
In base 12, what is 4068a619 - -3?
4068a620
In base 5, what is 202024214003 + 10?
202024214013
In base 14, what is -6598b0 - 16?
-6598c6
In base 6, what is -12 - -10100440023?
10100440011
In base 6, what is -10122003354 - -1?
-10122003353
In base 13, what is 99 + 6126c0?
612789
In base 4, what is -3 + -10111123113021?
-10111123113030
In base 7, what is 143663 + 2045?
146041
In base 4, what is -2011313020 + 12?
-2011313002
In base 5, what is -113 - 13434241324?
-13434241442
In base 12, what is -9b84a467 + 3?
-9b84a464
In base 8, what is -631736 - -605?
-631131
In base 3, what is 0 - 121120111211210?
-121120111211210
In base 6, what is -232423313 - 5?
-232423322
In base 2, what is 11 - 1011001101101010101101?
-1011001101101010101010
In base 13, what is -44423016 + 0?
-44423016
In base 14, what is 671b3 + 60b?
677c0
In base 13, what is -1aa9c71 - 1?
-1aa9c72
In base 6, what is -230 + 4400212?
4355542
In base 8, what is 27 + 14516775?
14517024
In base 9, what is -434 + 80216?
78672
In base 8, what is 32 + 12502243?
12502275
In base 10, what is 3155567 + -17?
3155550
In base 15, what is -14 - 7591c?
-75931
In base 3, what is 12 + -202012121102012?
-202012121102000
In base 4, what is -110123 - 32032132?
-32202321
In base 12, what is -11647 + b77?
-10690
In base 2, what is -1110010010 - 1001101000110110?
-1001110111001000
In base 5, what is 3144330402441 + -3?
3144330402433
In base 2, what is 0 - -1000010001111111010000?
1000010001111111010000
In base 16, what is -72a53 + 3d?
-72a16
In base 14, what is -3dd4d - 97?
-40006
In base 7, what is 413115 + 5?
413123
In base 5, what is 42 - 220430340?
-220430243
In base 2, what is 110101011 + -101101001010000?
-101100010100101
In base 3, what is -10120100121221 + -1021?
-10120100200012
In base 10, what is -101836664 + 5?
-101836659
In base 8, what is -1565 + 355102?
353315
In base 7, what is 1402 + -252541?
-251136
In base 5, what is -212 + 41213242?
41213030
In base 13, what is 0 - 606ca?
-606ca
In base 9, what is 1 + -1417024?
-1417023
In base 4, what is -1031111 + 210120131?
203023020
In base 3, what is 2222101 + 1202021012?
1212020120
In base 14, what is 2 - -28d1bc3?
28d1bc5
In base 15, what is -7 - 11488cc?
-11488d4
In base 15, what is -85d446b - b?
-85d4477
In base 13, what is 1 + -822a589?
-822a588
In base 11, what is 4 - -48998a9?
4899902
In base 9, what is -1821871 + 2?
-1821868
In base 13, what is a08 - 1379?
-671
In base 4, what is 1201320111 - -1002?
1201321113
In base 13, what is 41 + -16813c?
-1680cb
In base 8, what is -2423 + -323261?
-325704
In base 5, what is -32224 + 3403011?
3320232
In base 9, what is -800680000 + -1?
-800680001
In base 4, what is 1010 + -13231322031?
-13231321021
In base 14, what is -836db + 4?
-836d7
In base 12, what is 328a4715 + 1?
328a4716
In base 12, what is 2426115 - -1?
2426116
In base 11, what is -46 + -21852?
-21898
In base 15, what is -5 + 14bbba6d?
14bbba68
In base 5, what is -44333243 + -323?
-44334121
In base 8, what is -2276 + -1753?
-4251
In base 4, what is 2033 - -13211233?
13213332
In base 10, what is 48771 - 1216?
47555
In base 15, what is -2e - 785?
-7b4
In base 10, what is 462 + -29065?
-28603
In base 11, what is 5365 + -2149?
3217
In base 4, what is -11000 + 100212333?
100201333
In base 13, what is -15 - -34ca39?
34ca24
In base 8, what is -3654344 - 1?
-3654345
In base 14, what is ac - -30bd0?
30c9c
In base 8, what is -14574 + -525752?
-542546
In base 4, what is -202 + -112221003?
-112221211
In base 12, what is 36236 - 1b?
36217
In base 11, what is -9 - 99754?
-99762
In base 10, what is 239160 + -58?
239102
In base 2, what is -100000111101100 - 10110011111?
-100011110001011
In base 5, what is 1023134 + 31324?
1110013
In base 13, what is -3175 + -28c0?
-5a65
In base 4, what is 3 + -3202033032203?
-3202033032200
In base 16, what is -10c + c8f6?
c7ea
In base 2, what is -1 - -10000110110010000100111001110?
10000110110010000100111001101
In base 7, what is 5 - -16512412?
16512420
In base 14, what is -11 - -14415?
14404
In base 2, what is -11011 + -1110101110?
-1111001001
In base 6, what is -4044302 - -153?
-4044105
In base 14, what is -5222a - 4?
-52230
In base 15, what is 1039 - 162?
dc7
In base 3, what is -10122 + 2110210212?
2110200020
In base 7, what is -15464021 - 1?
-15464022
In base 5, what is 1211 + 201011?
202222
In base 5, what is 12011124003 - 0?
12011124003
In base 6, what is 112345 + -201142?
-44353
In base 3, what is 122112111202 - -102101?
122112221010
In base 8, what is 576561 + -15625?
560734
In base 10, what is -8555726 - 12?
-8555738
In base 6, what is 0 - -14103330111?
14103330111
In base 13, what is -19c4ab + -27?
-19c505
In base 13, what is -2 - 23b0b623?
-23b0b625
In base 16, what is 25e77 + 5?
25e7c
In base 4, what is 302312 + -1201320?
-233002
In base 12, what is 5a65 + -6280?
-417
In base 8, what is 2 - 1265700?
-1265676
In base 9, what is -1176 - 112827?
-114114
In base 7, what is 106 - -2533213?
2533322
In base 14, what is 2b75 + 779?
3510
In base 10, what is -1055979 + -60?
-1056039
In base 8, what is -640116 - 5?
-640123
In base 6, what is -20020 + -550413?
-1010433
In base 15, what is 1924518 + 4?
192451c
In base 8, what is -213362 + 164?
-213176
In base 5, what is 3440 - 2104141?
-2100201
In base 5, what is -2422313203103 - -1?
-2422313203102
In base 11, what is -73 - -2985a5?
298532
In base 16, what is -4152 + d3?
-407f
In base 2, what is -1100110010101100000001001111 - 11?
-1100110010101100000001010010
In base 2, what is 101010011101011011010001100 + -101?
101010011101011011010000111
In base 2, what is 111000011111101110111111001 + 10?
111000011111101110111111011
In base 9, what is -1 + 222831481?
222831480
In base 10, what is -5 + 1062789?
1062784
In base 16, what is 4e + -f568?
-f51a
In base 11, what is -6587a42 + 3?
-6587a3a
In base 14, what is bb820903 - -2?
bb820905
In base 13, what is 4 - 862ab1?
-862aaa
In base 2, what is -100 - 1001100100100111000101110100?
-1001100100100111000101111000
In base 6, what is -524 - 21355?
-22323
In base 16, what is -cb + 40cf?
4004
In base 3, what is -11221001 - -112222011?
101001010
In base 7, what is 30104 + 202636?
233043
In base 8, what is -3 + -63461170?
-63461173
In base 10, what is -2393532 + -3?
-2393535
In base 11, what is 2656 - 35049?
-324a3
In base 16, what is -1f896 - -146?
-1f750
In base 9, what is -1818470 - 105?
-1818575
In base 10, what is -158 + -720064?
-720222
In base 9, what is 4021260 + 0?
4021260
In base 15, what is 59a8 - 6d?
593a
In base 9, what is 27287572 + 0?
27287572
In base 6, what is -151 - -45253114?
45252523
In base 4, what is -3 + 3330011231?
3330011222
In base 12, what is -14ba55036 - 0?
-14ba55036
In base 2, what is 1000110 + 110100011011011010?
110100011100100000
In base 4, what is 2111 + -11232213233?
-11232211122
In base 14, what is -3 - -d0d880?
d0d87b
In base 8, what is 1 + 573144626?
573144627
In base 2, what is 101100 - 110111111001110001?
-110111111001000101
In base 3, what is 0 - 122011200121112021?
-122011200121112021
In base 16, what is -2e + 1ce4b?
1ce1d
In base 2, what is -1010011000001 + -1011110100100?
-10110001100101
In base 11, what is -1899 + -7445?
-9233
In base 15, what is -1c8e - -816?
-1478
In base 2, what is 1 - 1101001101100110111000011?
-1101001101100110111000010
In base 9, what is -183018 + -322?
-183341
In base 3, what is -10 + 110010020100?
110010020020
In base 5, what is -40201302 - 420?
-40202222
In base 5, what